(-2)/9. Suppose 5*k + j*k = i. What are the prime factors of k?
2, 11
Let u be -2 + 1 + 10/2. Let b be (-1725)/(-207)*(-6)/(-5). Let w = b - u. List the prime factors of w.
2, 3
Suppose -44 = -6*h + 256. List the prime factors of h.
2, 5
Suppose -2*f - 10*r = -13*r - 505, -2*r = 5*f - 1234. List the prime factors of f.
2, 31
List the prime factors of 1 + 1251 + (-28)/4.
3, 5, 83
Suppose -39536 = -25*j + 9*j. List the prime factors of j.
7, 353
Let s(a) = a**2 - 4. Let c be s(3). Suppose -2*g + 224 = c*g. List the prime factors of g.
2
Let k(i) = -i**3 + 5*i - 9. Let z be k(-4). Suppose -3*f + 152 = z. What are the prime factors of f?
3, 13
Let c(q) = 14*q**2 - 3 - 13*q**2 + 7*q - 3 + 3*q. Let h be c(-11). Suppose u = 4*n - 2*u - 66, h*u - 10 = 0. What are the prime factors of n?
2, 3
Let w be (-91)/14 + 3/(-6). Let k(g) = g**3 + 8*g**2 + 4*g + 5. Let q be k(w). Suppose 0 = -u + 5*r + 10, u - r - q = -4*r. What are the prime factors of u?
2, 5
Let c(t) = -2*t**3 + 92*t + 3. List the prime factors of c(-12).
3, 5, 157
Let s = 1589 - 349. What are the prime factors of s?
2, 5, 31
Let p(a) = a**2 - a + 1. Let j(b) = -5*b**2 + 4*b - 3. Let t(n) = -j(n) - 4*p(n). Let r be t(-2). Suppose 23 = -r*f + 173. List the prime factors of f.
2, 5
Let p be (20/(-40))/((-227)/114 - -2). Let z = -63 + 150. Let q = p + z. List the prime factors of q.
2, 3, 5
Let r be (-584)/6 - (-56)/42. Let b = -162 - -111. Let a = b - r. What are the prime factors of a?
3, 5
Suppose -3*p = -4*p + 228. Suppose -3*k = 4*b - 228, k - 4*k + b = -p. What are the prime factors of k?
2, 19
Suppose -4*r = -4*k + 244, 0 = 2*k + r - 171 + 55. Suppose k = 4*g + 3. List the prime factors of g.
2, 7
Let l(g) = g**2 - g - 13. Let q = -40 + 36. What are the prime factors of l(q)?
7
Let x(y) = -5*y - 10. Let c = -6 - 1. Let w be x(c). Let k = 6 + w. List the prime factors of k.
31
Suppose 44901 = 23*c - 11380. What are the prime factors of c?
2447
Let s(j) = 2*j**3 + j**2 - 3*j - 1. Let i be s(3). Suppose 5*y - 352 = 4*k, -4*y = -2*k - 231 - i. What are the prime factors of y?
2, 3
List the prime factors of (1571/3)/(16/(-6) + 3).
1571
Let y(o) = 138*o**2 - 7*o + 7. Let g be 1/3 - ((-24)/(-9))/(-4). What are the prime factors of y(g)?
2, 3, 23
Let j be 10 + -4*(-4 + 5). List the prime factors of 2 + j/(12/190).
97
Let h(q) be the second derivative of -q**4/12 - 3*q**3/2 + 15*q**2/2 + q - 8. Suppose b + 5 = 3, 0 = 4*o + 5*b + 38. What are the prime factors of h(o)?
29
List the prime factors of (-18)/(-1 + 91/112).
2, 3
Let z be 16/9 + ((-8)/(-18))/2. Suppose -z*b + 5*b = 3, 0 = i - 2*b - 122. What are the prime factors of i?
2, 31
Suppose 11102 = 22*d - 1944. List the prime factors of d.
593
Suppose 636 = 2*n + 3*f - 181, -4*f = 4*n - 1624. What are the prime factors of n?
401
Let j = -13 + 6. Let h(a) = -a**3 - 8*a**2 - 8*a - 7. Let r be h(j). Suppose 3*z + r*i + 3*i - 12 = 0, -4*z - i = -31. What are the prime factors of z?
3
Suppose 4*u + 3 = 7. Let y be 4 + -6 + (4 - u). Let f = y - -18. What are the prime factors of f?
19
Suppose -5*d + 24 = -471. Suppose 2*n + d = 5*n. What are the prime factors of n?
3, 11
Let s(n) = 2*n**3 + 99*n**2 + 28*n - 16. List the prime factors of s(-49).
1013
Let a(q) = q**2 - 18*q - 74. What are the prime factors of a(48)?
2, 683
Let f = -633 - -1064. List the prime factors of f.
431
Let u(a) = -a**3 + 5*a**2 + 5*a + 9. Let i be u(6). Suppose 5*g - 5*f = 235, 5*g = -2*f + i*f + 255. What are the prime factors of g?
2, 13
Suppose 4*c - 15 = 1. Let u = 29 + c. What are the prime factors of (9 + -10)/((-1)/u)?
3, 11
Suppose -2*a + 18 = a. Let f = a - -4. What are the prime factors of f?
2, 5
Suppose 2*k = 6*k - 2*g - 990, 3*k + g = 755. List the prime factors of k.
2, 5
Let s(x) = x**3 + 3*x**2 + 4*x**2 + 3*x**2 - 6 - 16*x. Let g be s(-11). Let f = -22 + g. List the prime factors of f.
3
Let y be 19*(-3 + (0 - -2)). Let b = 25 + y. What are the prime factors of 16 - -6*(-3)/b?
13
Let u = -284 - -460. Suppose q - 253 = 4*z - 938, -z + 5*q = -u. What are the prime factors of z?
3, 19
Let z = -755 + 1250. What are the prime factors of z?
3, 5, 11
Suppose -23*i - 11*i + 46138 = 0. List the prime factors of i.
23, 59
Let n(i) = i + 12. Let p be n(-7). Suppose -p*g - 143 = -798. Suppose -3*j + 0*w = -5*w - 101, 3*w + g = 4*j. List the prime factors of j.
2
Let m be ((-368)/(-12) + -1)/(1/9). Suppose -m = -4*u + 65. List the prime factors of u.
83
Let y(h) = -45*h - 193. Let k be y(-8). Let i be 243 + 1*0/(-2). Let x = i - k. List the prime factors of x.
2, 19
Let n(o) = -2*o**3 + 37*o**2 + 5*o + 56. What are the prime factors of n(17)?
2, 3, 7
Let z = -1491 + 3829. List the prime factors of z.
2, 7, 167
What are the prime factors of (4088/(-20) - -4)/((-6)/20)?
2, 167
Let k be ((-400)/(-6))/(8/36). Suppose 5*j + s - 296 = 0, 4*s + s = -5*j + k. List the prime factors of j.
59
Let h be (2 - (-16)/(-7)) + (-16)/(-7). Suppose -169 + 41 = -5*g - h*y, -12 = -3*y. List the prime factors of g.
2, 3
Suppose -99 = -0*p - p. Suppose 5*l = 2*l + p. Let u = l + -26. What are the prime factors of u?
7
Let o be (160/25 - 6)/((-1)/5). List the prime factors of o + 1 + 26 + 0/(-47).
5
Let v = 3 + -1. Let j(g) = -g**3 - 15*g**2 + 16*g + 12. Let q be j(-16). Let u = q - v. List the prime factors of u.
2, 5
Let d = -132 - -253. What are the prime factors of d?
11
Suppose 11*g = 735 - 295. List the prime factors of g.
2, 5
Let c(j) = 15*j - 2. Let v be c(-2). Let z(i) = i**2 + 18*i + 34. Let y be z(-16). List the prime factors of 1/(y/(-4)) - v.
2, 3, 5
Let h(q) = 8*q**2 + 7*q + 49. What are the prime factors of h(-6)?
5, 59
List the prime factors of 459 + (-1 - 15/(-3)).
463
Suppose -236 - 2365 = -9*n. What are the prime factors of n?
17
Suppose -5*q + 307 + 8 = 0. Suppose q = n - 183. What are the prime factors of n?
2, 3, 41
Suppose -36 = 9*o - 8*o. What are the prime factors of ((-52)/6 + 3)/(2/o)?
2, 3, 17
Let k(v) = v**2 - 5. Let c be k(3). Suppose -5*f - 631 = -c*l, l - 7*f = -11*f + 163. List the prime factors of l.
3, 53
Let k = 963 + -306. List the prime factors of k.
3, 73
Let f(j) = 12*j**2 - 12*j - 29. Let s be f(-4). Suppose o - s = -p, -4*o + p + 823 = -2*p. List the prime factors of o.
2, 13
Let b(w) = -w + 10. Let v be (-366)/42 - (-2)/(-7). Let t be b(v). Suppose 5*r = 4*r + t. List the prime factors of r.
19
Let t(f) = -f - 1. Let q(d) = -d**2 + 1. Suppose 0 = u - 2*u + 2. Let r(i) = u*t(i) - q(i). What are the prime factors of r(4)?
5
Let v = 7 - -1. Let o be (6/v)/((-4)/(-528)). Suppose -13*g = -16*g + o. What are the prime factors of g?
3, 11
Let k be (6 - 3) + 3 + -1. Let g = k + 0. Suppose 4*l = g*l - 9. List the prime factors of l.
3
Suppose -54 = -4*c + 2*w - 4*w, w = -3*c + 43. Suppose 6*r = -c + 106. What are the prime factors of r?
3, 5
Suppose -3 + 7 = 5*r - 3*g, 0 = 4*r + 2*g + 10. Let d be r/(-6)*2*-3. List the prime factors of -1 + d*8*-2.
3, 5
Let q(v) = -v**3 + 31*v**2 - 32*v - 11. List the prime factors of q(29).
743
Suppose -9*z + 3119 = -1975. What are the prime factors of z?
2, 283
Let b(j) = 2*j**2 + 36*j + 78. What are the prime factors of b(-22)?
2, 127
Suppose j + 5 = -0, -s + 5*j + 31 = 0. Suppose -3*o = -2*d + 2*o - s, 19 = d + 3*o. List the prime factors of d.
7
Let n = 3 + -3. Suppose -2*h + 5*w - 97 + 387 = 0, n = 4*h + 3*w - 554. What are the prime factors of h?
2, 5, 7
Let q be (-52)/(-4) + 0 - -1. Let l = q + -12. Suppose -3*n = -5*p - l*n + 271, -160 = -3*p - 2*n. List the prime factors of p.
2, 3
Let s(t) = t**2 - 4*t - 21. Let q(k) = -k**2 + 3*k + 20. Let n(l) = -3*q(l) - 4*s(l). List the prime factors of n(7).
2, 3
Suppose f - 3*n - 947 = 2*n, -2*n = 2*f - 1882. What are the prime factors of f?
2, 3, 157
Let k(x) = -x**3 + 15*x**2 + 12*x + 31. List the prime factors of k(12).
607
Let g(v) = 22*v + 20. Let z be g(5). Let p = z - -18. List the prime factors of p.
2, 37
Let r(d) = -2*d**2 + 4. Let y be r(0). Let p be 0 - (-3 - 0) - 3. Suppose -y*q + 8 = -p*q. List the prime factors of q.
2
Let n(d) = -d**2 - 6*d - 12. Let w be n(-7). Let c = 57 - 29. Let l = w + c. List the prime factors of l.
3
What are the prime factors of (-35707)/(-28) + (-20)/16?
2, 7, 13
Let g be ((-3)/5)/(4/20). List the prime factors of 2 + g/9*-123.
43
Suppo